highest common factor of x and o?
12
Suppose 3*n + 10 = 4*n. Let h = -138 - -228. What is the highest common divisor of n and h?
10
Let t = 3 + 0. Suppose -t*v - 171 = -6*v. What is the highest common divisor of v and 19?
19
Suppose -3*h - 27 = -117. Let d = 42 - h. What is the highest common divisor of d and 132?
12
Let y(c) = 5*c - 20. Let x be y(8). Calculate the greatest common factor of 160 and x.
20
Let c(g) = -2*g - 15. Let n be c(-10). Let b(d) = d**3 - 2*d**2 - 4*d. Let q be b(n). Calculate the greatest common factor of 11 and q.
11
Let x = 93 - 39. Calculate the highest common factor of x and 27.
27
Let a = -10 + 19. Let t(j) = j**3 + 9*j**2 - j - 9. Let u be t(-8). What is the greatest common factor of a and u?
9
Let v(j) = j**2 - j + 2. Suppose 5*s = r + 9, 4*r = -s - 4 + 10. Let z be v(s). Let t be (z/(-6))/((-12)/360). What is the greatest common divisor of 10 and t?
10
Let k = 8 + -14. Let s be (2/(-3))/(2/k). Calculate the highest common divisor of s and 2.
2
Suppose d = -4*d - 35. Let s = 15 + d. What is the greatest common divisor of s and 4?
4
Let x be 4 - (-2 - -8) - 66/(-3). Let b be 6 - 0 - -2*1. Calculate the highest common divisor of b and x.
4
Let c = -7 - -8. Calculate the highest common factor of c and 1.
1
Let p = -3 + 2. Let y be (1 + (-14 - 2))*p. Let n = y + -6. Calculate the greatest common factor of n and 36.
9
Suppose -2*u = -0*u - 2. Suppose -2*c + 1 = -u. What is the highest common factor of c and 4?
1
Let p be 178 + (2 - (-12)/(-3)). Suppose -3*a + p = a. What is the highest common divisor of 11 and a?
11
Let v(i) = -i**2 - 5*i + 7. Let m be v(-5). What is the greatest common divisor of 28 and m?
7
Let n(h) = 2*h - 1. Let q be n(1). Let c be (0 - 3) + (26 - q). Calculate the highest common factor of c and 2.
2
Let m = 13 + -10. Suppose -2*f - 36 = -2*d, -m*d + f + 40 = 5*f. Calculate the greatest common factor of d and 4.
4
Let t = -94 - -153. What is the highest common divisor of 649 and t?
59
Suppose -3*v + 123 = 4*r + 25, 4*r = 3*v + 86. What is the highest common factor of r and 184?
23
Let h(p) = -2*p - 2*p + 10 + p + 8*p**2 - 6*p**2. Let i be h(4). What is the greatest common factor of 75 and i?
15
Suppose -6*i + 240 = -0*i. What is the greatest common factor of i and 10?
10
Suppose 3*b - 8*b + 200 = 0. Let q = 11 - 1. Calculate the highest common factor of b and q.
10
Let k(z) = -8*z - 3. Let u be k(-1). What is the greatest common divisor of u and 1?
1
Let s(t) = -13*t + 6. Let n be s(7). Let a = -61 - n. Calculate the highest common factor of 264 and a.
24
Let v(b) = 2*b**3 - 3*b**2 - b - 2. Let q be v(3). Suppose -4*k + 6*k - 176 = 0. What is the greatest common divisor of k and q?
22
Let s = -2 + 23. What is the highest common factor of 14 and s?
7
Let c(k) = k**3 - k**2 - 10. Let r be c(6). Calculate the greatest common divisor of 68 and r.
34
Suppose -154*r + 151*r + 33 = 0. Calculate the greatest common factor of 77 and r.
11
Let z(d) be the third derivative of d**5/30 + d**4/6 - 2*d**3/3 - d**2. Let j be z(-4). Calculate the greatest common factor of 60 and j.
12
Let s(x) = x + 23. Let f be s(-15). What is the greatest common factor of f and 4?
4
Let k(p) = 31*p + 1. Let l be k(2). What is the highest common factor of 7 and l?
7
Suppose 4*x + 16 = -2*s + 3*s, 3*s = -3*x + 63. Calculate the greatest common divisor of s and 60.
20
Let b(s) = -s**3 + 8*s**2 + 7*s - 10. Let d be b(6). What is the highest common factor of 13 and d?
13
Let k be (-44)/(-6)*612/17. What is the highest common factor of k and 24?
24
Let b(a) = a - 18. Let m be b(15). Let r be 1/m*9*-2. Calculate the highest common divisor of r and 24.
6
Let t = 211 - 90. Calculate the greatest common factor of t and 11.
11
Let v be (-4)/(-6) + (-8)/(-24). Suppose x = 2, -6*r - 3*x = -3*r - 18. Calculate the greatest common factor of v and r.
1
Suppose 2*u = -3*w - 0*u + 10, 8 = -2*u. Let o be 6/(3/(9/w)). Suppose q - 77 = 4*n, -o*n = -q - n + 67. What is the highest common factor of q and 19?
19
Let w = 13 - 5. Let x(i) = 6 - 3*i**2 + 2*i**2 + 2*i + 8*i. Let c be x(w). What is the greatest common divisor of c and 88?
22
Suppose -r = -2*t - 24, -81 = -5*r - 4*t - 17. Suppose 89 = 5*m - r. Calculate the greatest common divisor of m and 63.
21
Let z be 3/(-6)*(-24 - -2). Calculate the highest common factor of 11 and z.
11
Suppose -8*p = -158 - 82. What is the greatest common factor of p and 60?
30
Let o be (-2)/(-6)*15 - -3. Let y = 142 - 78. What is the greatest common divisor of o and y?
8
Let t be (-4)/(-10) + 48/30. Suppose n = t*j - 10, 5*n - 17 + 2 = -3*j. Suppose -s + 4*s - 9 = n. What is the greatest common factor of s and 3?
3
Let b = 21 + 0. What is the highest common divisor of 21 and b?
21
Let r = 2 + 3. What is the greatest common factor of 10 and r?
5
Suppose -i + 18 = -21. What is the highest common divisor of 117 and i?
39
Suppose -5*s + 2*q + 2 = -3, 0 = -3*s + 4*q - 11. Suppose -4*g + 9 = -s. Suppose -4 = 2*v - v, g*m - 65 = 5*v. What is the highest common divisor of m and 60?
15
Let g(x) = 5*x**3. Let r be g(1). Suppose 3*o = 3*k - 12, 0 = r*k - o - 9 + 1. What is the greatest common factor of k and 9?
1
Let r be 6/(-14) - 2466/(-21). Calculate the greatest common divisor of 13 and r.
13
Suppose -x + 12 = 2*p, -3*x = p - 0*x - 11. Let w = 50 - 30. Calculate the greatest common factor of w and p.
5
Let v(y) = -38*y + 1 + 5 - 5. Suppose -5*x = -2*x + 3. Let h be v(x). Calculate the greatest common divisor of 26 and h.
13
Suppose b - 6 = 5*p, -2*p = 4*b + 15 - 83. Let t = -12 + 20. Calculate the greatest common factor of b and t.
8
Suppose -3*p + 30 + 57 = -2*i, -4*p - 5*i = -93. What is the greatest common divisor of 9 and p?
9
Let c(l) = -l - 3. Let o be c(-3). Suppose 5*d - 4*g - 83 = o, -5*d + g + 0*g = -92. Calculate the greatest common factor of 19 and d.
19
Let t be (81/6)/(2/8). Let r = -33 - -113. Let j = r - 44. What is the highest common divisor of t and j?
18
Let l be (-17)/(-4) + (-1)/4. Let q be -3*(-18)/4*l. Let f be q + -3 + 1 - 2. Calculate the greatest common factor of 10 and f.
10
Let l = -3 - -13. Let y be 4/l + 54/15. Calculate the greatest common factor of 12 and y.
4
Let k be 7 + -2*6/(-4). Let u be 20/(-6)*(-27 - -3). What is the highest common factor of k and u?
10
Suppose 3*u - v = -8, 2*u + 3*v + 24 = 4. Let q be 2/u + 17/2. Let a = 132 - 52. Calculate the greatest common factor of a and q.
8
Suppose 4 = -4*g + 3*g, -272 = -3*h + 5*g. What is the greatest common divisor of h and 12?
12
Suppose 61 - 205 = -2*b. Suppose -3*r - 24 = -b. Suppose 4*m - 114 = 590. What is the greatest common divisor of r and m?
16
Let u be (-34)/(-8) + 1/(-4). Let w = u + -4. Let r be 2 + 0 + 5 - w. What is the greatest common factor of r and 1?
1
Suppose 4*a - 3 = -3*g, g - 6*a + 2*a - 1 = 0. Suppose v = g - 3. Let n be (0 - -88)/(v/(-2)). Calculate the highest common divisor of n and 8.
8
Let q be (-24)/(-18) - (-23)/3. Let d be 10/(-45) + 326/q. What is the greatest common divisor of 12 and d?
12
Suppose -6*m + 368 = 2*m. Calculate the highest common divisor of m and 23.
23
Suppose -6 = 2*g - 3*g. Let p(v) = -v**3 + 7*v**2 - 2*v + 6. Let b be p(6). Calculate the highest common divisor of g and b.
6
Suppose 0*x + 6 = x + 2*v, x = -5*v + 9. Let d be (24/9)/(x/18). Suppose n - 4 + 1 = 0. Calculate the highest common divisor of n and d.
3
Suppose 3*m + 4 = 7. What is the highest common divisor of m and 3?
1
Let b = 4 - 2. Suppose 85 = 3*d + m, 4*m = b*d - 0*m - 80. What is the highest common divisor of d and 75?
15
Let t be 1*2 - (-3 + -2) - -1. What is the highest common factor of t and 8?
8
Let b = 123 - -97. Suppose -2*x = -4*x + 40. What is the highest common divisor of b and x?
20
Let v = -30 - -51. Let q = v - 11. Suppose -3 + 23 = -4*j, -4*j = n - q. Calculate the greatest common factor of n and 75.
15
Let h = -2 + 12. Let x = h + 46. What is the greatest common divisor of 8 and x?
8
Let n(c) = -c**2 - 7*c - 2. Let o be n(-6). Suppose o*g - y - 108 = -5*y, 3*g - 84 = -2*y. Calculate the highest common factor of 12 and g.
6
Let r = 24 - 15. Let o = r - 5. Calculate the greatest common factor of o and 36.
4
Let b = 86 - 83. What is the highest common factor of b and 3?
3
Let y(j) = -2*j**2 + 42*j + 5. Let l be